ite?
True
Let m(l) = 11*l + 235. Let w be m(-21). Suppose -39438 = -w*d + y, -22*d + 19*d + 29583 = -3*y. Is d a prime number?
True
Let d be (-5 + 1283/(-4))*-4. Let p = d + -637. Let o = p + -320. Is o prime?
False
Let w(h) = h**2 + h - 2. Let b be w(2). Let r = -466 + 516. Is (r/15 - b)/(4/(-2262)) a prime number?
False
Let a = -196 - -205. Let f(c) = 46*c**2 - 4*c - 3. Let s be f(-10). Suppose s - 13430 = -a*o. Is o composite?
False
Let a = 11 - 0. Let t(s) = 316*s**2 - 23*s + 25. Let b be t(1). Suppose -17*i = -a*i - b. Is i a composite number?
False
Suppose -17738 + 186803 = 5*v. Suppose -3*n + 2*j + 25377 = 0, 3*j + 2*j - v = -4*n. Is n prime?
False
Suppose -6*l + 77723 = 3*l - 225280. Is l composite?
True
Let r(l) = l**2 + 2*l + 55. Let a be r(0). Suppose 51*j + 2*g = a*j - 6844, 5*j - 5*g = 8565. Is j a composite number?
False
Let t be (96/(-40))/(6/(-10)). Suppose -2*i + 6 = t, 0 = -3*z + 5*i + 29272. Is z a prime number?
False
Suppose 0 = -k + 3*t - 180683, -5*t = 33 - 13. Is k/(-35) + (-6)/(-21) composite?
True
Suppose 118575 + 4593903 = 6*w - 0*w. Is w a composite number?
False
Let w be ((8 - 4) + -3)*10757. Let h = 1824 + w. Is h a prime number?
False
Let u be -2 + (-111)/(-15) + (-6)/15. Suppose -4*n + 7 = -1, 26 = -4*k - u*n. Is ((-3)/(-2))/(k/(-276)) a composite number?
True
Let y be 0 + (-426)/(-24) + (-1)/(-4). Let b(f) = y + 51*f + 295*f - 7 + 4. Is b(4) composite?
False
Suppose 5*h = 6*h - 4. Is h - (-14)/(-3) - 6334/(-6) prime?
False
Let n = 1914146 - 1214883. Is n a composite number?
True
Suppose -2*p + t + 218124 = 0, -4*p + 76204 + 359984 = 8*t. Is p a prime number?
False
Let r(c) be the third derivative of c**6/120 + c**5/60 - c**4/12 + 1093*c**3/2 + 124*c**2 - 5*c. Let a = 1 + -1. Is r(a) a prime number?
False
Suppose 0 = -69*q + 5200372 - 1854907. Is q a prime number?
False
Suppose j - 243484 = -m + 126169, 4*m - 1478598 = -2*j. Is m a prime number?
False
Let u = 687 + -684. Let d be -1 - 129/(2/(-2)). Suppose -d = u*k - 455. Is k a prime number?
True
Let w = -16344 + 33839. Let n = w - 7882. Is n prime?
True
Suppose -3*t + 2*q + 3602 = 0, -1620*q + 1622*q = -t + 1190. Is t prime?
False
Suppose 0 = -4*j + 8*j + 2*i + 22, 3*j - 2*i = -20. Let b(n) = n**3 + 4*n**2 - 12*n + 11. Let y be b(j). Let t(s) = 151*s + 12. Is t(y) composite?
True
Suppose 0 = -3*g + 78 - 30. Suppose 17*w + 966 = g*w. Let z = -577 - w. Is z a composite number?
False
Let g(p) = p**3 + 16*p**2 - 35*p + 21. Let o be g(-18). Suppose -2*w - o*k = -11816, 2*w - 6*k = -3*k + 11828. Is w a composite number?
True
Let g(p) = -4*p + 23. Let n be g(5). Suppose -204 + 4722 = n*h. Suppose 0 = 2*r + 4*r - h. Is r prime?
True
Let i(p) be the third derivative of 11*p**6/12 - 3*p**4/8 - p**2 + 7*p. Is i(5) a prime number?
False
Suppose 5*o + r - 719469 = 583549, 4*o - 1042434 = 2*r. Is o a prime number?
False
Let t(w) = 10*w + 4. Let g be t(-15). Let j = -57 - g. Suppose -5*b + b - 178 = -2*u, 0 = u - b - j. Is u a prime number?
True
Let k(w) = -w**3 - 14*w**2 - 12*w + 60. Let g be k(-12). Is (-7)/g*9 + (-60850)/(-8) composite?
False
Suppose d = -4*d - 10. Let l be (d*(-9)/(-12))/((-12)/448). Suppose -74 = -5*c + l. Is c a prime number?
False
Let z(k) = -110*k**3 + 13*k**2 - 4*k + 54. Let n(h) = -55*h**3 + 7*h**2 - 2*h + 29. Let q(t) = 11*n(t) - 6*z(t). Suppose 0 = 2*g + g - 9. Is q(g) composite?
True
Suppose -3*u = 4*y - 78656, -u = 4*y - 7*u - 78620. Is y composite?
False
Let r(a) = -20*a**3 - 5*a**2 + 6*a + 34. Let i = -493 + 486. Is r(i) prime?
True
Suppose -h = -p + h - 538, 1606 = -3*p - 2*h. Let q = p + 1635. Is q a prime number?
False
Suppose 3*m - 2*b = 241787, 0 = 4*b + 540 - 560. Is m a composite number?
False
Let m = 94726 - 62523. Is m a composite number?
False
Let r be -10 + 11 - (0 + -2 - 2). Is (-4 - r)*(2 + -35) - 4 prime?
True
Let g = -76 - -96. Let z be (12/g)/(1/10). Is (8/z)/(8/1284) prime?
False
Let c(j) = 6*j**2 - 2*j + 23. Let a(b) = b**3 + 7*b**2 - 8*b + 3. Let t be a(-8). Suppose 0 = -t*z + 7*z + 28. Is c(z) composite?
False
Suppose 34826029 = 57*m - 7558658. Is m a prime number?
True
Suppose 1556210 = 5*l - 5*k, 98*l - 3*k + 1556282 = 103*l. Is l a composite number?
True
Let i = 168 - 165. Suppose -1 = 2*n + i, 0 = 2*g - 2*n - 14238. Is g composite?
True
Suppose -3*l + 1290 = 12*l. Suppose 44463 = -l*s + 89*s. Is s composite?
False
Suppose -511*r + 434*r + 6737423 = 0. Is r prime?
False
Let l be (-14)/(-63) - (-1379)/(-9). Is (-2548503)/l + 12 + 2/17 a composite number?
True
Suppose 0 = -7*x + 35, 3*l + x + 3*x - 520049 = 0. Is l composite?
True
Let y = 138 - 66. Let c = y + -139. Let t = c - -114. Is t composite?
False
Let m = -11678 - -24001. Is m a composite number?
False
Suppose -25*f = -26*f + 5. Let g be 1/((10/14)/f). Is (514/(-6))/(g/(-21)) a prime number?
True
Let n be (-10 - -12 - 0/(-1)) + -5. Let x(q) = -98*q + 4. Is x(n) a prime number?
False
Let k(m) = -6*m**3 - 6*m**2 - 6. Let i(v) = -6*v**3 - 7*v**2 - v - 7. Let q(f) = -4*i(f) + 5*k(f). Let j be q(1). Is ((-2122)/(-8))/(j/(-24)) composite?
False
Let w(q) = -q**3 - 6*q**2 - 4*q + 7. Let l be w(-5). Suppose -4*t - 2 = l*p + 6, 0 = -5*p - 3*t - 13. Is (1 + 2)*393 + p a prime number?
False
Suppose -120*r + 44*r + 14657851 = -3033201. Is r prime?
True
Suppose f = 3796 + 4296. Let c(z) = -z**3 + 26*z**2 + 153*z + 66. Let y be c(31). Suppose -y*p = -4*g - 3*p + 6473, 5*g - p - f = 0. Is g composite?
False
Let d = 442 + -434. Suppose -5257 = -d*m + m. Is m a prime number?
True
Let v = -206840 - -377167. Is v composite?
False
Let n = -231 - -263. Let c = 806 + n. Is c a composite number?
True
Let k be 5704/24 - 4/(-12). Suppose -k*f = -230*f - 5080. Is f a composite number?
True
Suppose 3388 = -5*j + 2*o + 8831, 16 = -4*o. Is j prime?
True
Let i(r) be the third derivative of -113*r**6/120 + r**5/10 + r**4/6 - 2*r**3/3 + 7*r**2 + 5*r. Is i(-3) a prime number?
True
Suppose 4*d - 2*z + 1338 = 0, 4*d - 2*d + 657 = -3*z. Let r = -111 - d. Suppose 0 = 3*c - 0*c - r. Is c prime?
False
Suppose -6*s - 4*n + 1449498 = 0, -34*s + 32*s - 2*n = -483160. Is s a composite number?
False
Suppose -663*p - 404754 = -705*p. Is p composite?
True
Let j be -2*1/8 - (-8074)/8. Let u = 524 + j. Let w = 2335 - u. Is w prime?
False
Let g(t) = 2258*t + 841. Is g(57) a prime number?
False
Let m be 4/(-9) + 152/342. Suppose 9*l - 6*l - 9 = 0, 3*f - l - 52578 = m. Is f composite?
True
Let d = 185595 - 121598. Is d a composite number?
False
Let w = 174720 - 114875. Suppose -14*y + 19*y - w = 0. Is y a prime number?
True
Let v = -54 - -58. Is (v - 1)*(-4)/((-24)/4162) a prime number?
True
Suppose -x + 74 - 60 = 0. Suppose 12843 = x*s - 11*s. Is s a composite number?
True
Let w = -4753 + -24977. Is w/(-18) - (34/6 - 5) a prime number?
False
Let d(z) = z**2 + 15*z + 56. Let w be d(-6). Suppose 1434 + 404 = w*f. Is f a prime number?
True
Let h be 1007 - (1 - -1)/2. Suppose 0 = 5*u - u + 5*v - h, 1260 = 5*u + 5*v. Is u prime?
False
Is (734/2202)/(2/1673886) a composite number?
False
Suppose -w = -3*p + 10, 0 = 3*p - 6*p - 5*w + 22. Is (p + -5)*(2/2 + -12324) prime?
True
Let y(u) = -7551*u**3 + 38*u**2 + 73*u + 5. Is y(-2) composite?
True
Let v = -455 + 455. Suppose 4*b + 3*s - 83440 = v, -4*b + b - 2*s + 62581 = 0. Is b a prime number?
False
Suppose -25*x + 4*v + 28 = -20*x, 4*x - 6 = -5*v. Suppose -5948 = -z + u + 2*u, 23741 = x*z + 5*u. Is z composite?
False
Suppose -2*d = p - 278970, 4*p - 247230 - 450189 = -5*d. Is d a prime number?
True
Let a be (-207358)/(-6) + (32/12)/(-4). Suppose -7*b = -21756 - a. Suppose -3*s - p + b = 0, 4044 = 3*s + 5*p - 4009. Is s a composite number?
True
Suppose 5*k - 2*k = 90. Is (k/(-20))/(6/(-5528)) composite?
True
Suppose -785 = 3*x - 767. Suppose 0 = 4*o - 3*h + 66, 4*o - h + 6*h + 82 = 0. Is (1468/3)/(x*2/o) prime?
False
Suppose -98*u = 15*u - 509743. Is u composite?
True
Suppose 5906666 = 96*g + 40*g - 11262110. Is g a prime number?
True
Let i(s) be the second derivative of s**4/12 - 4*s**3/3 - 15*s**2/2 + 3*s. Let k be i(-2). Let o(x) = 41*x**2 + 8*x - 10. Is o(k) composite?
True
Suppose i = -4*p + 249917, -16*i - 499843 = -18*i + p. Suppose -22*l = -13*l - i. Is l a composite number?
True
Suppose 3*o = -p + 39 + 31, 0 = 4*o - 2*p - 110. Suppose -3 + 7 = f. Suppose -o = f